 89. Give z(-4).
217
Let q(d) = -86*d**2 - 204*d + 205. Determine q(1).
-85
Let r(y) = -134790*y + 673912. What is r(5)?
-38
Let i(n) = 229*n - 18965. Determine i(89).
1416
Let o(y) = -235*y**2 - 8954*y - 904. Give o(-38).
8
Let a(m) = -3202*m + 730046. What is a(228)?
-10
Let p(a) = 4*a**2 - 457*a - 4870. What is p(-11)?
641
Let s(p) = 266825*p - 3468721. Give s(13).
4
Let k(g) = -352*g + 1448. Give k(4).
40
Let z(h) = -2*h**2 + 26119*h - 339230. Give z(13).
-21
Let x(d) = 1335*d + 8004. Determine x(-6).
-6
Let x(y) = y**3 - 343*y**2 + 1473*y + 73340. Give x(338).
-6
Let i(j) = 4*j**3 - 134*j**2 + 965*j + 14. What is i(23)?
-9
Let r(m) = 3794*m**3 - 11*m**2 - 4*m + 7. Determine r(-1).
-3794
Let a(t) = 117*t - 43406. Calculate a(371).
1
Let y(j) = 970*j - 2674. What is y(2)?
-734
Let a(n) = -n**2 - 635*n - 11714. Calculate a(-616).
-10
Let c(o) = -10019*o - 110306. Determine c(-11).
-97
Let o(v) = -2*v**3 - 250*v**2 - 6509*v + 117. What is o(-37)?
6
Let y(l) = 4*l**3 + 97*l**2 + 213*l + 327. Determine y(-22).
-3
Let h(f) = -1870*f + 11110. What is h(6)?
-110
Let t(p) = 961*p + 7745. What is t(-8)?
57
Let j(h) = -21490*h + 150357. Give j(7).
-73
Let o(f) = -13477*f + 54055. Determine o(4).
147
Let a(m) = -226*m**3 - 1148*m**2 - 88*m - 11. What is a(-5)?
-21
Let n(f) = 2*f**3 + 6*f**2 - 29*f + 29. Determine n(6).
503
Let j(g) = 35907*g + 359057. Give j(-10).
-13
Let l(b) = 25494*b + 1886560. What is l(-74)?
4
Let a(i) = -2*i**2 - 7*i + 7228. Give a(59).
-147
Let y(w) = w**3 - 79*w**2 + 277*w + 1913. Determine y(75).
188
Let i(b) = -924*b - 7871. What is i(-9)?
445
Let m(r) = 1853*r + 15471. Calculate m(-8).
647
Let m(b) = -1277*b**2 - 605297*b + 408. What is m(-474)?
-66
Let a(m) = 2209*m - 499237. Give a(226).
-3
Let f(p) = -p**3 - 9*p**2 - 72*p - 73. Determine f(-7).
333
Let i(h) = -848*h**2 - 178082*h - 416. Calculate i(-210).
4
Let m(k) = -7890*k + 189202. What is m(24)?
-158
Let k(p) = -57706*p + 634761. What is k(11)?
-5
Let o(u) = -u**2 - 27*u - 206. Give o(-20).
-66
Let i(n) = 4*n**2 - 417*n - 184248. Calculate i(273).
27
Let q(f) = 13*f**2 - 836*f + 1785. Give q(62).
-75
Let r(n) = 187*n**2 + 4307*n + 132. What is r(-23)?
-6
Let f(q) = 1357*q - 40644. Calculate f(30).
66
Let i(v) = 2251*v + 141759. What is i(-63)?
-54
Let z(g) = -25*g - 707. Give z(-22).
-157
Let i(h) = -h**3 + 497*h**2 + 13600*h - 951. Calculate i(523).
95
Let b(x) = -15189*x - 106275. Determine b(-7).
48
Let g(m) = -1372411*m + 5489652. Give g(4).
8
Let p(a) = -1539*a - 48854. Give p(-30).
-2684
Let k(t) = t**3 + 346*t**2 + 10888*t - 724. Determine k(-311).
-1657
Let k(a) = 3*a**3 - 38*a**2 - 22*a + 305. Determine k(13).
188
Let r(p) = p**3 - 12*p**2 + 1637*p - 12844. Give r(8).
-4
Let i(q) = 48*q - 478. What is i(-8)?
-862
Let i(o) = -1592*o + 878. Give i(1).
-714
Let o(w) = w**2 + 5329*w - 3760756. Give o(631).
4
Let b(j) = 3*j**2 - 709*j - 2629. Give b(240).
11
Let s(q) = -78*q**2 + 858*q - 845. Determine s(1).
-65
Let i(j) = j**3 - 14*j**2 + 44*j - 388. What is i(13)?
15
Let k(f) = 753461*f - 3013851. Determine k(4).
-7
Let o(h) = -182090*h - 1638821. Calculate o(-9).
-11
Let k(t) = 439*t + 16826. What is k(-46)?
-3368
Let m(a) = -2*a**3 - 24*a**2 + 49*a + 350. What is m(-6)?
-376
Let w(b) = 163948*b - 3770805. Calculate w(23).
-1
Let r(t) = 5641*t - 62458. Calculate r(11).
-407
Let y(o) = 145*o**2 + 31900*o + 367. Calculate y(-220).
367
Let x(w) = -w**3 - 228*w**2 - 5*w - 502. Give x(-228).
638
Let j(z) = 223*z**2 + 298*z - 299. Determine j(1).
222
Let z(l) = -425*l - 17002. Give z(-40).
-2
Let g(v) = 2405*v**2 + 343924*v + 1286. What is g(-143)?
-1
Let i(w) = 7*w**2 - 1817*w - 5510. Calculate i(-3).
4
Let l(i) = -i**2 + 5037*i + 45429. What is l(-9)?
15
Let c(z) = 294*z**2 - 78200*z - 1056. Determine c(266).
8
Let o(h) = -4*h**3 + 830*h**2 + 419*h - 909. Determine o(208).
-285
Let d(w) = 10*w**2 - 47*w - 63. Give d(-7).
756
Let d(b) = -97*b**2 + 10757*b - 30348. Calculate d(108).
0
Let l(q) = -2*q**3 + 116*q**2 - 242*q + 7271. Calculate l(57).
-25
Let k(x) = 1832*x + 1850. Calculate k(-1).
18
Let c(r) = 3*r**2 - 5745*r + 498007. Calculate c(91).
55
Let g(n) = n**3 - 18*n**2 + 465*n - 6930. What is g(16)?
-2
Let d(s) = -147945*s + 739706. Calculate d(5).
-19
Let k(f) = f**3 + 60*f**2 + 133*f + 937. Give k(-58).
-49
Let c(u) = 54*u**2 + 413*u - 15. Calculate c(-8).
137
Let h(l) = -1887*l + 8895. Determine h(6).
-2427
Let i(v) = 1397*v + 568574. Give i(-407).
-5
Let i(o) = 8252*o - 8947. Calculate i(1).
-695
Let t(q) = 12354*q + 247077. Determine t(-20).
-3
Let c(t) = 4*t**3 - 358*t**2 - 207*t + 2094. Determine c(90).
-336
Let b(h) = -270371*h + 270382. Calculate b(1).
11
Let q(s) = s**3 - s**2 - 8317*s + 4. Calculate q(0).
4
Let v(l) = -l**3 - 494*l**2 - 2028*l - 33345. Calculate v(-490).
-25
Let q(x) = 47*x**2 + 898*x - 19525. Calculate q(13).
92
Let b(s) = 1068*s - 11627. What is b(11)?
121
Let c(g) = 50*g - 2006. Calculate c(35).
-256
Let i(h) = -12*h**2 - 3853*h + 31592. Determine i(8).
0
Let j(v) = 254*v**3 - 3*v**2 + 17*v - 11. Calculate j(1).
257
Let i(p) = p**3 - 17*p**2 + 65*p - 1162. Calculate i(17).
-57
Let y(n) = -84*n + 1136. Calculate y(5).
716
Let k(p) = 41*p - 2395. Calculate k(79).
844
Let d(x) = 5*x**3 - 23*x**2 + 269*x - 1348. Calculate d(5).
47
Let z(g) = -57*g - 8928. What is z(-155)?
-93
Let g(k) = 443*k + 14618. Determine g(-33).
-1
Let c(o) = 5*o**3 - o**2 + 51*o - 231. Give c(5).
624
Let a(v) = 8*v**3 - 5*v**2 - 35*v + 123. What is a(4)?
415
Let i(u) = -u**3 - 29*u**2 + 241*u + 2817. Determine i(-34).
403
Let v(u) = -u**3 + 100*u**2 + 5*u - 10292. Calculate v(99).
4
Let k(q) = 79395*q + 1667292. What is k(-21)?
-3
Let t(r) = 85*r**2 - 1278*r + 4441. Determine t(5).
176
Let r(m) = -m**3 - 251*m**2 + 1293*m + 3338. What is r(-256)?
10
Let k(n) = 9080*n - 90755. What is k(10)?
45
Let z(a) = -13*a**2 - 559*a - 8400. Give z(-16).
-2784
Let x(r) = r**2 - 87*r + 2768. Calculate x(58).
1086
Let x(s) = 416*s + 3387. What is x(-12)?
-1605
Let s(u) = -878*u - 22131. Calculate s(-26).
697
Let y(u) = 717*u**2 - 1395*u - 77. Calculate y(2).
1
Let n(t) = 56*t**2 - 68*t + 125. Determine n(3).
425
Let t(m) = -m**3 - 286*m**2 + 836*m - 8960. Calculate t(-289).
-1
Let l(a) = -16*a**3 + 6*a**2 - 11*a + 24. Determine l(2).
-102
Let c(a) = 2*a**3 + 181*a**2 + 442*a + 43. Calculate c(-88).
-133
Let h(w) = w**2 - 808*w - 27436. Determine h(-33).
317
Let s(w) = 5*w**3 - 106*w**2 + 420*w + 1100. Calculate s(14).
-76
Let q(z) = 1536024*z + 7680117. What is q(-5)?
-3
Let w(q) = -2559*q - 79272. Determine w(-31).
57
Let l(c) = 176*c**2 - 30976*c + 35. Give l(176).
35
Let n(l) = -l**3 + 454*l**2 - 1869*l + 31055. Determine n(450).
5
Let f(h) = -2*h**2 + 238*h - 12. What is f(120)?
-252
Let p(w) = -2*w**3 + 255*w**2 - 2039*w + 1890. Give p(119).
-14
Let g(x) = 49*x - 5775. Determine g(118).
7
Let r(u) = -u**3 - 29*u**2 + 75*u + 445. What is r(-31)?
42
Let a(k) = -k**3 + 416*k**2 + 6885*k + 11659. What is a(432)?
-5
Let i(h) = 713017*h + 1426020. What is i(-2)?
-14
Let q(j) = -j**3 + 64*j**2 - 83*j + 1416. Give q(63).
156
Let b(v) = v**2 + 352*v - 14089. What is b(37)?
304
Let w(d) = -2709*d - 406354. What is w(-150)?
-4
Let g(n) = 28*n**3 - 144*n**2 - 92*n - 4. Give g(6).
308
Let r(k) = -1567486*k + 100319109. What is r(64)?
5
Let v(y) = -y**3 - 38*y**2 + 1768*y + 58847. Determine v(-29).
6
Let y(o) = 358*o + 2157. What is y(-9)?
-1065
Let r(i) = -11*i**3 + 541*i**2 + 437*i - 220. Give r(50).
-870
Let m(z) = 1907*z + 244073. What is m(-128)?
-23
Let d(f) = -5*f**2 - 150*f + 1759. What is d(-39)?
4
Let p(w) = -1515*w**2 - 10609*w - 7. What is p(-7)?
21
Let j(h) = 1515*h**2 - 40900*h - 35. Determine j(27).
100
Let d(q) = -32*q - 2009. Calculate d(-76).
423
Let m(f) = f**3 - 83*f**2 + 2*f - 2311. What is m(83)?
-2145
Let p(u) = 22764*u + 296029. Calculate p(-13).
97
Let o(h) = 101*h**2 + 1338*h - 1055. Determine o(-14).
9
Let s(k) = -5*k**3 - 111*k**2 - 15*k - 18. Give s(-21).
-2349
Let j(t) = 2*t**3 - 186*t**2 + 177*t + 394. Calculate j(92).
-250
Let m(r) = 100656*r + 1409184. Determine m(-14).
0
Let f(d) = 35482*d**2 + 319339*d - 10. What is f(-9)?
-19
Let r(f) = -66*f**2 - 1008*f + 3012. Calculate r(3).
-606
Let y(d) = -775*d**3 + 45718*d**2 + 400*d + 757. Give y(5